{"version":"1.0","provider_name":"PRO CARLINE","provider_url":"https:\/\/procarline.de\/en","author_name":"@dm1n","author_url":"https:\/\/procarline.de\/en\/author\/dm1n\/","title":"Deutscher Werkstattpreis - PRO CARLINE","type":"rich","width":600,"height":338,"html":"<blockquote class=\"wp-embedded-content\" data-secret=\"4rLp7G7RU4\"><a href=\"https:\/\/procarline.de\/en\/ueber-uns\/deutscher-werkstattpreis\/\">German Workshop Award<\/a><\/blockquote><iframe sandbox=\"allow-scripts\" security=\"restricted\" src=\"https:\/\/procarline.de\/en\/ueber-uns\/deutscher-werkstattpreis\/embed\/#?secret=4rLp7G7RU4\" width=\"600\" height=\"338\" title=\"&#8220;Deutscher Werkstattpreis&#8221; &#8212; PRO CARLINE\" data-secret=\"4rLp7G7RU4\" frameborder=\"0\" marginwidth=\"0\" marginheight=\"0\" scrolling=\"no\" class=\"wp-embedded-content\"><\/iframe><script>\n\/*! This file is auto-generated *\/\n!function(d,l){\"use strict\";l.querySelector&&d.addEventListener&&\"undefined\"!=typeof URL&&(d.wp=d.wp||{},d.wp.receiveEmbedMessage||(d.wp.receiveEmbedMessage=function(e){var t=e.data;if((t||t.secret||t.message||t.value)&&!\/[^a-zA-Z0-9]\/.test(t.secret)){for(var s,r,n,a=l.querySelectorAll('iframe[data-secret=\"'+t.secret+'\"]'),o=l.querySelectorAll('blockquote[data-secret=\"'+t.secret+'\"]'),c=new RegExp(\"^https?:$\",\"i\"),i=0;i<o.length;i++)o[i].style.display=\"none\";for(i=0;i<a.length;i++)s=a[i],e.source===s.contentWindow&&(s.removeAttribute(\"style\"),\"height\"===t.message?(1e3<(r=parseInt(t.value,10))?r=1e3:~~r<200&&(r=200),s.height=r):\"link\"===t.message&&(r=new URL(s.getAttribute(\"src\")),n=new URL(t.value),c.test(n.protocol))&&n.host===r.host&&l.activeElement===s&&(d.top.location.href=t.value))}},d.addEventListener(\"message\",d.wp.receiveEmbedMessage,!1),l.addEventListener(\"DOMContentLoaded\",function(){for(var e,t,s=l.querySelectorAll(\"iframe.wp-embedded-content\"),r=0;r<s.length;r++)(t=(e=s[r]).getAttribute(\"data-secret\"))||(t=Math.random().toString(36).substring(2,12),e.src+=\"#?secret=\"+t,e.setAttribute(\"data-secret\",t)),e.contentWindow.postMessage({message:\"ready\",secret:t},\"*\")},!1)))}(window,document);\n\/\/# sourceURL=https:\/\/procarline.de\/wp-includes\/js\/wp-embed.min.js\n<\/script>","thumbnail_url":"https:\/\/procarline.de\/wp-content\/uploads\/procarline-deutscher-werkstattpreis2.jpg","thumbnail_width":1920,"thumbnail_height":250,"description":"Deutscher Werkstattpreis 2021 Pro Carline unter den zehn besten freien Werkst\u00e4ttenDer Betrieb in der N\u00e4he von G\u00f6rlitz zeigt, dass Digitalisierung keine Frage der Gr\u00f6\u00dfe ist. Und dass auch ein Betrieb mit nur vier Mitarbeitern ein Komplettdienstleister in Sachen Mobilit\u00e4t sein kann. Das \u00fcberzeugte auch die Jury des Deutschen Werkstattpreises und sicherte der freien Werkstatt einen [&hellip;]"}

Deutscher Werkstattpreis 2021 Pro Carline unter den zehn besten freien WerkstättenDer Betrieb in der Nähe von Görlitz zeigt, dass Digitalisierung keine Frage der Größe ist. Und dass auch ein Betrieb mit nur vier Mitarbeitern ein Komplettdienstleister in Sachen Mobilität sein kann. Das überzeugte auch die Jury des Deutschen Werkstattpreises und sicherte der freien Werkstatt einen [&hellip;]
